 27?
25
Suppose -6*r = -484 - 842. What is the remainder when r is divided by 75?
71
Let i = 168 - 53. What is the remainder when i is divided by 34?
13
Let t(a) = a**2 - 6*a - 4. Let i be t(6). Let c(x) = -5*x + 2. Let w be c(4). Let m = i - w. Calculate the remainder when 68 is divided by m.
12
Suppose -2*h - 3*h + 101 = 4*m, 5*m = -5*h + 105. Let p = 63 - 32. What is the remainder when p is divided by h?
14
Let a = 5 + -3. Let t(r) = -2*r**2 + 8*r + 1. Let x(d) = 4*d**2 - 15*d - 2. Let f(m) = 11*t(m) + 6*x(m). What is the remainder when 10 is divided by f(a)?
1
Suppose -5*a = 4*j - 33, -a = -5*a - j + 22. Suppose -5*q - 5*n = -235, q = -34*n + 39*n + 47. Calculate the remainder when q is divided by (12/a)/(9/30).
7
Let b(w) = -w + 4. Let j = -925 - -951. Calculate the remainder when j is divided by b(-5).
8
What is the remainder when 53 is divided by (-32)/(-256) - -127*2/16?
5
Let x(w) = 49*w + 4. Let r be x(3). Suppose -5*m + 5*h = -680, 2*h - 6*h = -m + r. What is the remainder when m is divided by 44?
43
Suppose -29 - 11 = -4*b. What is the remainder when -59*(-3)/(-6)*-2 is divided by b?
9
Suppose -4581 = 8*x - 4693. What is the remainder when 528 is divided by x?
10
Let j = 126 - 64. Let n = 86 - j. What is the remainder when n is divided by 3?
0
Let x = 1 + 15. Calculate the remainder when (-62130)/(-817) - 2/43 is divided by x.
12
Let a be -1 + 2 - (-2)/2. Suppose 17 = a*g - 27. Suppose 0 = 8*h + 6*h - 84. Calculate the remainder when g is divided by h.
4
Let i(o) = o**3 + 2*o**2 - 7*o + 1. Calculate the remainder when 10 is divided by i(0).
0
Let b(i) = 3*i + 31. What is the remainder when 242 is divided by b(10)?
59
Suppose 252 = -9*p + 15*p. Calculate the remainder when 334 is divided by p.
40
Let o = -50 + 105. Suppose -a + 3*n + 3 = 0, -2*n + 23 = -3*a + 4*a. Calculate the remainder when o is divided by a.
10
Let b = 15 - 11. What is the remainder when ((-12)/24)/(2/(-44)) is divided by b?
3
Suppose 3*c + 446 = 2*v, -4*v - 7*c + 892 = -4*c. What is the remainder when v is divided by 57?
52
Suppose 8*q - 3*z - 435 = 6*q, 5*q = -4*z + 1122. Calculate the remainder when q is divided by 76.
70
Let w(j) = -4*j - 17. Let b be w(-5). Suppose 3*n = c - 48, -3*n + 197 - 17 = b*c. What is the remainder when c is divided by (36/(-10))/((-12)/40)?
9
Suppose -2*a + 1095 + 1107 = 0. What is the remainder when a/15 + 24/(-60) is divided by 39?
34
Suppose -9*w + 834 = 339. What is the remainder when w is divided by 15?
10
Let t = -1 - -19. Let p = 24 - t. Suppose -5*z = 2*g - 38, 4*g - 64 = -p*z + 2*z. What is the remainder when 67 is divided by g?
11
Suppose -10*g + 7*g + 555 = 0. Suppose 2*v - 208 = 5*d + g, -4*v + 3*d + 765 = 0. Let x = v - 133. What is the remainder when x is divided by 19?
18
Let r(u) = 37*u - 135. Calculate the remainder when r(5) is divided by 26.
24
Suppose 0 = 792*r - 786*r - 456. What is the remainder when r is divided by 21?
13
Suppose 3 = -3*b + 24. Suppose 2*o = 48 - 10. Calculate the remainder when o is divided by b.
5
Let i be ((-130)/20 + 7)*(-48)/(-3). Suppose -43 = -2*g - 2*d + 1, -3*d - 96 = -3*g. Let x = g - i. What is the remainder when 74 is divided by x?
17
Let x be 7/(-14) + (-62)/4. Let q = -13 - x. Calculate the remainder when 26 is divided by (-2 + q/2)*-14.
5
Let m(r) = 31*r**2 + 14*r - 12. Calculate the remainder when 97 is divided by m(1).
31
Calculate the remainder when (-836)/(-10) - (-9 - (-387)/45) is divided by 26.
6
Let a = 591 - 329. What is the remainder when a is divided by 24?
22
Let j = -16 - 69. Let d = j - -110. Calculate the remainder when 149 is divided by d.
24
Suppose b - 5*b - 3*n = -398, -5*b - 5*n = -500. What is the remainder when b is divided by 20?
18
Suppose t + 35 = a, -2*a - 4*t + 71 = 1. Calculate the remainder when a is divided by 15.
5
Let d(l) = -7*l + 48. What is the remainder when 36 is divided by d(6)?
0
Let k(m) = -16*m - 14*m - 4 + 32*m - 11. Suppose 0 = -2*l + 5*l - 39. Calculate the remainder when k(l) is divided by 6.
5
Suppose -2*o - 4 = 2*o, k = 5*o + 8. Let m be 2 - (1 + 0 - k). Suppose t = w + 2, -m*t = -w - w - 14. Calculate the remainder when 7 is divided by w.
1
Let m(u) = -5*u**2 + 3*u - 1. Let a be m(2). Let x be 5*(-3)/a*51. What is the remainder when 13 is divided by 3/(-2) - x/(-6)?
6
Let n = 74 + -37. Suppose -13 + n = 2*k. What is the remainder when 201 is divided by k?
9
Suppose 32*m - 13862 = -3654. Calculate the remainder when m is divided by 64.
63
Let c = 328 - -297. Calculate the remainder when c is divided by 11.
9
Let l(k) be the third derivative of 0*k + 6*k**2 + 1/10*k**5 - 1/120*k**6 - 5/24*k**4 + 0 + 1/2*k**3. Calculate the remainder when 11 is divided by l(5).
2
Let j(q) = q**2 + 3*q + 20. Calculate the remainder when j(7) is divided by 13.
12
Suppose -24*z - 190 = -22*z. Let h = z - -111. Calculate the remainder when 93 is divided by h.
13
Let s(g) = g**3 + 14*g**2 - g - 2. Suppose -14*r + 16*r = -28. Let a(x) = -x**3 + 10*x**2 + 14*x + 12. What is the remainder when a(11) is divided by s(r)?
9
Let b(v) = -2*v**2 + 13*v - 9. Let k be b(8). What is the remainder when 30 is divided by (-24 - k) + 2 + 0?
8
Suppose 0 = 2*c + 2*c + 1140. Let x = c + 505. Suppose 3*l = 4*q - x, 131 = 5*q + l - 125. Calculate the remainder when q is divided by 18.
16
Let c(f) = -f**2 + f + 68. Let p be c(0). Let l = p - 16. What is the remainder when l is divided by 27?
25
Let l = -2200 + 2209. Calculate the remainder when 2/5 + (-326)/(-10) is divided by l.
6
Suppose 620 = 5*l + r - 796, l + 3*r - 286 = 0. What is the remainder when l is divided by 11?
8
Let p = 2655 - 991. Calculate the remainder when p/28 - (-6)/(-14) is divided by 6.
5
Let m(h) = -2*h**2 + 29*h + 25. Let r = -98 - -109. What is the remainder when m(r) is divided by 21?
18
Suppose 5*q - 36 = 3*k - 362, -2*q = -4*k + 430. What is the remainder when k is divided by 8?
3
Suppose -4*v = -3*v - 2*c - 22, 57 = 3*v + 3*c. Let s(d) = d**3 - 11*d**2 + 28*d - 169. What is the remainder when -1 + v - (-2 - -2) is divided by s(10)?
8
Let j be 2/10 - (-217)/(-35). What is the remainder when (-4)/(-6) + 0 + (-266)/j is divided by 13?
6
Let x = -1098 - -1099. Suppose 3*v = 3*r - 0 + 6, -16 = -5*v + 2*r. Calculate the remainder when v is divided by x.
0
Let t = -1774 + 1807. What is the remainder when 326 is divided by t?
29
Suppose -6*j + 7*j + 4*r = 138, 0 = -r + 3. What is the remainder when j is divided by 118?
8
Suppose 25*t = 59*t - 19006. What is the remainder when t is divided by 51?
49
Calculate the remainder when 2148/(-3759) + (6280/(-14))/(-1) is divided by 25.
23
Suppose -2*y - 168 = 6*y. Let g = y + 11. Let m = 22 + g. Calculate the remainder when 45 is divided by m.
9
Let a(o) = 2*o**2 + 4*o - 7. Let r(g) = -2*g**3 - 17*g**2 + 7*g - 2. Calculate the remainder when a(5) is divided by r(-9).
15
Let o = 37 - 3. Let l(d) = d + 13. What is the remainder when o is divided by l(-4)?
7
Let y = 1010 + -908. What is the remainder when y is divided by 66?
36
Suppose -3*k + 65 = 10*k. Suppose 127 - 92 = k*n. What is the remainder when 73 is divided by n?
3
Suppose -456 = -19094*m + 19090*m. What is the remainder when 1024 is divided by m?
112
Let n = 16 - 12. Suppose -34 = -n*m + 3*u, -2 = -0*u + u. Suppose -g + 6*g = 3*f, 2*f - g - m = 0. What is the remainder when 9 is divided by f?
4
Let w = -14 - -24. Let n(c) = 62*c**2 + c. Calculate the remainder when n(-1) is divided by w/4*(-798)/(-95).
19
Let i be 8/4 - (-40)/(-8). What is the remainder when (248/(-12) - -6)/(2/i) is divided by 12?
10
Suppose q + 239 = 2*x - 215, -2*x + 458 = -2*q. What is the remainder when x is divided by 38?
35
Let x = 535 - 125. Suppose 5*u = -3*t + 22, 2*u - 3*t = -3*u - 2. Suppose u*b + 3*b - x = 0. Calculate the remainder when b is divided by 21.
19
Let m = -3 - 2. Let u(q) = q**3 + 5*q**2 - q - 1. Let j be u(m). Let p = 18 - j. What is the remainder when p is divided by 5?
4
Let w(n) = n**3 + 6*n**2 - 13*n + 10. Calculate the remainder when 1351 is divided by w(-7).
51
Let j(m) = -17*m + 279. Suppose 0*z = 4*z - 20. Calculate the remainder when j(16) is divided by z.
2
Suppose g - 12*s = -7*s + 30, -3*g - 5*s - 10 = 0. Suppose 5*d - 50 = r, -18 + 88 = g*d + 3*r. Calculate the remainder when 31 is divided by d.
